hat are the prime factors of 1648?
2, 103
What are the prime factors of 8465?
5, 1693
What are the prime factors of 168?
2, 3, 7
List the prime factors of 5495.
5, 7, 157
What are the prime factors of 64927?
64927
List the prime factors of 470.
2, 5, 47
List the prime factors of 2946.
2, 3, 491
What are the prime factors of 10430?
2, 5, 7, 149
What are the prime factors of 1323?
3, 7
What are the prime factors of 57102?
2, 3, 31, 307
What are the prime factors of 5569?
5569
What are the prime factors of 17293?
17293
List the prime factors of 71.
71
What are the prime factors of 208?
2, 13
List the prime factors of 7854.
2, 3, 7, 11, 17
List the prime factors of 5597.
29, 193
List the prime factors of 344.
2, 43
What are the prime factors of 210?
2, 3, 5, 7
What are the prime factors of 1554?
2, 3, 7, 37
What are the prime factors of 5371?
41, 131
List the prime factors of 3643.
3643
What are the prime factors of 10102?
2, 5051
List the prime factors of 60581.
29, 2089
List the prime factors of 2550.
2, 3, 5, 17
List the prime factors of 78868.
2, 19717
List the prime factors of 1892.
2, 11, 43
What are the prime factors of 5019?
3, 7, 239
What are the prime factors of 1802?
2, 17, 53
What are the prime factors of 53614?
2, 11, 2437
List the prime factors of 97610.
2, 5, 43, 227
What are the prime factors of 1985?
5, 397
List the prime factors of 11847.
3, 11, 359
What are the prime factors of 18444?
2, 3, 29, 53
List the prime factors of 1597.
1597
List the prime factors of 669.
3, 223
List the prime factors of 182278.
2, 91139
What are the prime factors of 18206?
2, 9103
What are the prime factors of 112866?
2, 3, 13, 1447
What are the prime factors of 2088?
2, 3, 29
List the prime factors of 1017.
3, 113
What are the prime factors of 37890?
2, 3, 5, 421
List the prime factors of 157.
157
What are the prime factors of 17870?
2, 5, 1787
List the prime factors of 92943.
3, 23, 449
What are the prime factors of 13428?
2, 3, 373
List the prime factors of 170.
2, 5, 17
List the prime factors of 483.
3, 7, 23
List the prime factors of 991.
991
List the prime factors of 613.
613
List the prime factors of 11871.
3, 1319
What are the prime factors of 9281?
9281
What are the prime factors of 105721?
7, 11, 1373
What are the prime factors of 107584?
2, 41
List the prime factors of 4805.
5, 31
What are the prime factors of 7648?
2, 239
What are the prime factors of 12460?
2, 5, 7, 89
List the prime factors of 4737.
3, 1579
What are the prime factors of 14414?
2, 7207
List the prime factors of 1727.
11, 157
What are the prime factors of 25?
5
List the prime factors of 35765.
5, 23, 311
What are the prime factors of 32182?
2, 16091
List the prime factors of 11290.
2, 5, 1129
What are the prime factors of 22154?
2, 11, 19, 53
List the prime factors of 350.
2, 5, 7
List the prime factors of 28896.
2, 3, 7, 43
What are the prime factors of 1346?
2, 673
List the prime factors of 103711.
37, 2803
List the prime factors of 615.
3, 5, 41
List the prime factors of 6300.
2, 3, 5, 7
List the prime factors of 18069.
3, 19, 317
List the prime factors of 1175.
5, 47
List the prime factors of 54024.
2, 3, 2251
List the prime factors of 13275.
3, 5, 59
What are the prime factors of 23063?
23063
List the prime factors of 16606.
2, 19, 23
List the prime factors of 17331.
3, 53, 109
List the prime factors of 660.
2, 3, 5, 11
What are the prime factors of 76758?
2, 3, 11, 1163
List the prime factors of 1135.
5, 227
What are the prime factors of 3257?
3257
What are the prime factors of 4315?
5, 863
List the prime factors of 2614.
2, 1307
List the prime factors of 21232.
2, 1327
What are the prime factors of 644?
2, 7, 23
What are the prime factors of 2086?
2, 7, 149
List the prime factors of 13574.
2, 11, 617
What are the prime factors of 6955?
5, 13, 107
What are the prime factors of 482?
2, 241
What are the prime factors of 664?
2, 83
What are the prime factors of 5075?
5, 7, 29
List the prime factors of 796.
2, 199
List the prime factors of 6986.
2, 7, 499
List the prime factors of 33801.
3, 19, 593
List the prime factors of 2437.
2437
List the prime factors of 1608.
2, 3, 67
List the prime factors of 6113.
6113
What are the prime factors of 987?
3, 7, 47
What are the prime factors of 100849?
7, 14407
What are the prime factors of 1997?
1997
What are the prime factors of 6765?
3, 5, 11, 41
What are the prime factors of 60567?
3, 13, 1553
List the prime factors of 1027.
13, 79
What are the prime factors of 673?
673
What are the prime factors of 1470?
2, 3, 5, 7
List the prime factors of 938.
2, 7, 67
What are the prime factors of 14945?
5, 7, 61
List the prime factors of 99618.
2, 3, 16603
What are the prime factors of 4513?
4513
List the prime factors of 5891.
43, 137
What are the prime factors of 423?
3, 47
List the prime factors of 9951.
3, 31, 107
List the prime factors of 68199.
3, 127, 179
What are the prime factors of 186654?
2, 3, 13, 2393
What are the prime factors of 1927?
41, 47
List the prime factors of 131.
131
List the prime factors of 1672.
2, 11, 19
List the prime factors of 1830.
2, 3, 5, 61
What are the prime factors of 3719?
3719
What are the prime factors of 4083?
3, 1361
List the prime factors of 22559.
17, 1327
List the prime factors of 1618.
2, 809
What are the prime factors of 118479?
3, 73, 541
List the prime factors of 37000.
2, 5, 37
List the prime factors of 551.
19, 29
What are the prime factors of 20613?
3, 6871
What are the prime factors of 568?
2, 71
What are the prime factors of 754?
2, 13, 29
List the prime factors of 1231.
1231
List the prime factors of 1106.
2, 7, 79
What are the prime factors of 6275?
5, 251
What are the prime factors of 323?
17, 19
List the prime factors of 948.
2, 3, 79
List the prime factors of 3696.
2, 3, 7, 11
List the prime factors of 1263.
3, 421
List the prime factors of 1127.
7, 23
What are the prime factors of 1872?
2, 3, 13
List the prime factors of 737.
11, 67
List the prime factors of 847.
7, 11
List the prime factors of 479.
479
List the prime factors of 5200.
2, 5, 13
List the prime factors of 907.
907
What are the prime factors of 43?
43
What are the prime factors of 5149?
19, 271
List the prime factors of 542.
2, 271
What are the prime factors of 21894?
2, 3, 41, 89
What are the prime factors of 664?
2, 83
List the prime factors of 5317.
13, 409
List the prime factors of 20794.
2, 37, 281
List the prime factors of 3866.
2, 1933
What are the prime factors of 6973?
19, 367
List the prime factors of 18627.
3, 7, 887
What are the prime factors of 10352?
2, 647
What are the prime factors of 500?
2, 5
What are the prime factors of 925?
5, 37
What are the prime factors of 4022?
2, 2011
List the prime factors of 1963.
13, 151
What are the prime factors of 12439?
7, 1777
List the prime factors of 15249.
3, 13, 17, 23
List the prime factors of 9418.
2, 17, 277
What are the prime factors of 149981?
13, 83, 139
What are the prime factors of 655?
5, 131
What are the prime factors of 93?
3, 31
What are the prime factors of 7487?
7487
What are the prime factors of 864?
2, 3
What are the prime factors of 6503?
7, 929
List the prime factors of 3125.
5
List the prime factors of 16657.
16657
What are the prime factors of 3864?
2, 3, 7, 23
What are the prime factors of 84343?
7, 12049
List the prime factors of 13172.
2, 37, 89
What are the prime factors of 979?
11, 89
List the prime factors of 100156.
2, 7, 73
What are the prime factors of 38468?
2, 59, 163
What are the prime factors of 762?
2, 3, 127
List the prime factors of 8136.
2, 3, 113
List the prime factors of 6489.
3, 7, 103
List the prime factors of 1420.
2, 5, 71
List the prime factors of 99949.
127, 787
What are the prime factors of 116994?
2, 3, 17, 31, 37
What are the prime factors of 2821?
7, 13, 31
What are the prime factors of 3370?
2, 5, 337
List the prime factors of 1018.
2, 509
What are the prime factors of 5254?
2, 37, 71
List the prime factors of 9176.
2, 31, 37
What are the prime factors of 2151?
3, 239
List the prime factors of 7249.
11, 659
List the prime factors of 481.
13, 37
List the prime factors of 4526.
2, 31, 73
What are the prime factors of 24674?
2, 13, 73
List the prime factors of 4613.
7, 659
What are the prime factors of 3193?
31, 1